e -4*j + 3*q + 1616 = -0*j, -3*q + 1233 = h*j. Is j a composite number?
True
Suppose 0 = 4*z - 2*z. Let x(c) = -250 + 183 + 169 + 163 + 2*c. Is x(z) prime?
False
Let h be 8870/18 + (-18)/(-81). Suppose -h = -3*n - 2*u - 3*u, 3*n - 4*u = 475. Suppose z - n - 96 = 0. Is z a prime number?
True
Let z(g) = g**2 + 3*g + 2. Let v be z(-3). Suppose 4*i - 3*q = -0*q + 628, -4*i - v*q + 628 = 0. Is i a prime number?
True
Let p = -41 + 43. Suppose 0 = -4*o - 0*k + k + 1770, -k + p = 0. Is o prime?
True
Is (34826353/102)/53 + 1/(-6) a composite number?
True
Suppose 0 = h - 3*a - 632, 2518 = 4*h - a - a. Suppose 2*q - h = q. Is q prime?
False
Let c be (72/(-4))/(12/(-8)). Is (-1030)/(-22) - c/(-66) prime?
True
Suppose 5*d - 1 = 34. Suppose -1119 = -t + 2*s, 4*t - 4*s = -d*s + 4465. Is t prime?
True
Suppose 15*z - 19*z = 816. Let d = z - -391. Is d a prime number?
False
Suppose -23*t - 20390 = -28*t. Is t a prime number?
False
Let i(l) be the second derivative of l**3/6 + 11*l**2/2 + l. Let x be i(-9). Is 43 - (-8)/(x/1) a composite number?
False
Suppose 5*q = 14 + 36. Let b(g) = g + 4. Let p be b(-2). Suppose -i - 36 = p*c - 3*c, 0 = 5*i + q. Is c a composite number?
True
Suppose -114 - 152 = -2*z. Suppose -31 = -4*y + z. Let m = y + 116. Is m prime?
True
Let r(h) be the third derivative of 41*h**5/60 + 5*h**3/6 - 5*h**2. Let i be r(4). Let t = i - 374. Is t a composite number?
True
Let h be -2 + 4*(-10)/(-4). Let c be 0*(13/(-3) - -4). Is (-1 + c)/(h/(-1016)) a composite number?
False
Let j(f) = f - 29. Let k be j(20). Let s(q) = q**3 + 13*q**2 + 5*q - 25. Is s(k) composite?
True
Let v = -120 + 116. Let w(j) be the third derivative of j**5/60 + j**4/24 + j**3/3 + j**2. Is w(v) a prime number?
False
Suppose 2*m + 21 = 5*c, 3*c - 2*m - 13 = -m. Suppose -c*i + 92 - 22 = 0. Is 11/(-77) + 688/i prime?
False
Let y = 1218 - -14591. Is y prime?
True
Let a(v) be the third derivative of -v**6/60 + v**5/12 + v**4/3 + 2*v**3/3 - 13*v**2. Let u be a(-6). Suppose 2*h - u = 676. Is h a prime number?
False
Suppose 5*i + 0*i = 5, 4*y + 4831 = -i. Let a = y + 1855. Is a composite?
False
Suppose -3*j + 12200 - 4769 = 0. Is j a prime number?
True
Suppose 740 = 11*x - 6*x. Let g = 735 - x. Is g a composite number?
False
Suppose -14232 = -3*x + 24195. Is x prime?
True
Let x = -4 - -6. Let s be (x/(-5))/(11/495). Let r = s + 121. Is r prime?
True
Let w(b) = 2*b**2 + 14*b + 15. Let r be w(11). Suppose -36 = 3*s + 4*k - r, 5*s = -k + 625. Is (s + 2)/((-1)/(-1)) a prime number?
True
Suppose 0 = 5*a - 0*a + 5*i - 10765, -3*a - 5*i + 6467 = 0. Is a prime?
False
Let r = 37 + -27. Suppose -w + 3*w - r = 3*f, 0 = 2*w + 4*f + 4. Suppose 4*u = 4*t - 1044, w*u = -1 + 5. Is t a composite number?
False
Let f = 34267 + -15004. Is f composite?
True
Let w be -1*3/3 + 1. Suppose -j + w*v + 5*v + 666 = 0, 3*v + 2579 = 4*j. Is j a prime number?
True
Suppose -2*b + 4546 = 4*w, 6*w = 2*b + w - 4501. Is b composite?
True
Let t(x) = -x**2 + 9*x - 10. Let n be t(6). Let a(y) = 53*y + 29. Is a(n) composite?
True
Let y = 130 - 109. Suppose y*q - 28*q = -994. Is q composite?
True
Let v(l) = -2*l**2 + 21*l - 10. Let b be v(10). Is (b - 1)*(-137 + 3) prime?
False
Is -2397*2/(-4) + (-17)/(-34) a composite number?
True
Let c = -7006 - -10205. Is c prime?
False
Let j = 50172 + -28393. Is j prime?
False
Suppose -2*t = -61 - 7. Suppose -4*a + t = -38. Is 12/a + 2330/6 composite?
False
Is (-1 - 24/(-16))*(-2 - -26320) prime?
True
Suppose -5*h + 2*u + u + 48 = 0, -2*h - u = -28. Let c(m) = -363*m**3 + 8*m + 364*m**3 - 9*m**2 - 1 - 3*m**2 - 6. Is c(h) prime?
True
Suppose 14 = -i - 5*j, -j - 13 = -i + 3*j. Suppose -20 = d - 114. Let y = d + i. Is y composite?
True
Let t(o) = o**2 - 10*o - 9. Let d be t(11). Suppose 4*a - 106 = d*h - 3274, -4*a - 3196 = 5*h. Is a/(-5) - 5/(-25) a prime number?
False
Let x(f) be the first derivative of 8*f**3/3 - 3*f**2/2 + 9*f - 11. Is x(-4) a prime number?
True
Suppose -4*v - 3*k = -3*v - 15107, 2*v - k = 30186. Is v prime?
False
Let z = -103010 - -164707. Is z composite?
True
Let z = -2 + 4. Let x be (-1 + 59)/(z/(-8)). Let r = -114 - x. Is r composite?
True
Let s be (-12)/(-54) - 47/9. Let k(d) = d**3 + 4*d**2 - 6*d - 2. Let p be k(s). Is (-158)/p*33/(-22) a prime number?
True
Let w(u) = u + 21. Let p be w(-18). Is p*1 - (-270 + 14) prime?
False
Suppose -3*f + 4*r + 26085 = -0*r, 2*f = 2*r + 17388. Is f a composite number?
True
Let v(j) = 781 + 1110 + 464 - 2*j**2 + j - 302. Is v(0) prime?
True
Suppose 2*f + 4*v = 12506, -2*f = 5*v - 6521 - 5988. Is f composite?
False
Let o(w) = 2*w + 10. Let t be o(-3). Suppose -4*u + u - 1303 = -5*q, 0 = 5*q + t*u - 1331. Is q a composite number?
False
Let s(l) = -27*l + 17. Let h be s(-14). Suppose 4*m - 316 = -u, -5*m + 5*u - u = -h. Is m prime?
True
Suppose 0 = 4*h - 2*h - 12. Let y be 4/6 + 1292/h. Let r = 575 - y. Is r composite?
False
Let w(p) = -141*p - 17. Let i be w(-6). Let g = 730 + i. Is g composite?
False
Let t(b) = -b**2 - 3 + 0*b**2 - 3*b**2 + 4*b + 3*b**2. Let o be t(5). Is 344 - (-12)/o*-2 a composite number?
False
Let c be 2/(-3) + 68/12. Suppose -2*r = 2*b - 8, r + 2*r - 20 = -c*b. Is (318/12)/(2/b) composite?
False
Suppose 4*y = 4*a - 120056, 3*a = y + 92861 - 2809. Is a composite?
True
Let x = 7 - 5. Let m be -3 + -3 + 3 + 3. Suppose m*c = -x*c + 70. Is c a prime number?
False
Is 4/18 - (-13909)/63 composite?
True
Suppose 10*c = 44311 - 14261. Is c prime?
False
Let h = 26 + -20. Suppose -h*j + j = 0. Suppose j = -3*f + 5*f - 1082. Is f prime?
True
Let s(t) = t**2 + t + 106. Suppose 2*x = 5*h - 3, 10 = 4*x - 7*x + 2*h. Let p be x*(-4)/16 - 1. Is s(p) composite?
True
Suppose u - 4*u = -807. Suppose 90 - u = -q. Is q a composite number?
False
Let i(f) = -f**3 + 51*f**2 - 47*f - 38. Is i(33) prime?
True
Suppose k + 33 = 3*o, -2*k = -k + 3. Suppose 2*x = -3*l + 133, -o = 3*x + 2. Is l prime?
True
Suppose 2*d + 0*d - 20 = 0. Let i = -10 + d. Suppose 5*c + 3*z - 941 = i, 0 = -5*c - 7*z + 2*z + 945. Is c a composite number?
True
Suppose -3198 + 27599 = 2*k - 5*w, 0 = -3*k + 3*w + 36588. Is k a composite number?
True
Is (88264/20 - (-8)/(-40)) + -4 composite?
False
Let u = 41907 - -11866. Is u a prime number?
True
Let w = -479 + 1753. Let n = 2252 - w. Suppose 0 = 4*s + 94 - n. Is s a composite number?
True
Let g(m) = 8*m - m**2 + 5*m**3 - 4*m**3 - 8*m**2 + 4. Let z be g(8). Suppose h = z*y + 141, 2*y = 3*h + 2*h - 651. Is h a prime number?
False
Let v(u) = u + 12. Let o(w) = -5*w - 1. Let k be o(-2). Let q be v(k). Is (-4)/6 + 3353/q prime?
False
Let z = -82 - -85. Is (-2 - (-13)/z)*807 a prime number?
False
Suppose -2*w + 107 = 2*r - 267, -3*r = 2*w - 374. Is w prime?
False
Let c(v) = v**2 + 77*v + 38. Is c(35) a prime number?
False
Let w = 19233 + -11102. Is w a composite number?
True
Let h = -33 + 35. Suppose c - a + 3826 = h*c, -a = 2*c - 7655. Is c a prime number?
False
Let c(q) = -6*q - 6. Let g be c(-5). Suppose -2*u + g = -2*k + u, -4*u = 5*k + 37. Let r(v) = -11*v - 10. Is r(k) prime?
True
Suppose -q = -6 + 17. Let t = 528 + q. Is t a composite number?
True
Suppose -a = -0 + 4. Let v be ((-343)/28)/(1/a). Suppose i = -v + 198. Is i a composite number?
False
Let s(o) = -3203*o - 97. Is s(-6) a prime number?
True
Suppose 5*t - 3*x - 402 = 902, 3*t - x - 784 = 0. Let y = t - -447. Is y a composite number?
False
Suppose 18*i - 20*i + 7694 = 0. Is i prime?
True
Is (-79190)/(-22) + 6/(-11) a composite number?
True
Let o(f) = -17*f**2 - f - 3 + 64*f**2 + 4*f. Is o(-5) prime?
False
Let d be 938/(-49) + 1/7. Let m = d + 26. Suppose m*t - 5*t - 826 = 0. Is t prime?
False
Suppose 1836 + 468 = 4*z. Let n = z + -239. Is n composite?
False
Suppose 4 = q - 6. Suppose -q*u = -185 - 1155. Is u a prime number?
False
Let j = 57 - 211. Let g = 461 + j. Is g a prime number?
True
Suppose 5*x - 522 - 348 = 0. Suppose -x = 3*s - 5*s. Is s/(-1 + (2 - 0)) a composite number?
True
Let c(a) = -67*a**3 + 3*a**2 + 10*a + 7. Is c(-2) a prime number?
False
Let r(m) = m**2 - 2*m - 10. Let n(y) = 3*y**2 - 31*y + 62. Let j(p) = -p**2 + 10*p - 21. Let x(l) = 11*j(l) + 4*n(l). Let v be x(12). Is r(v) prime?
True
Let d = -2927 + 16666. Is d a composite number?
True
Let m = -14 + 22. Suppose 0 = -22*y + 23*y + 750. Is y/(-2) + 32/m composite?
False
Let j b